{"id":243,"date":"2024-04-19T18:11:55","date_gmt":"2024-04-19T16:11:55","guid":{"rendered":"https:\/\/www.sabinefriess.de\/wordpress\/?page_id=243"},"modified":"2025-08-18T13:24:06","modified_gmt":"2025-08-18T11:24:06","slug":"hormonberatung","status":"publish","type":"page","link":"https:\/\/www.sabinefriess.de\/wordpress\/hormonberatung\/","title":{"rendered":"Wenn dein inneres Gleichgewicht aus der Mitte ger\u00e4t"},"content":{"rendered":"\n<h2 class=\"wp-block-heading\"><strong>Hormonelle Balance \u2013 achtsam begleitet, ganzheitlich unterst\u00fctzt<\/strong><\/h2>\n\n\n\n<p>Unsere Hormone beeinflussen viele k\u00f6rperliche und seelische Prozesse \u2013 schon kleine Ver\u00e4nderungen im Gleichgewicht k\u00f6nnen sich sp\u00fcrbar bemerkbar machen:<br>z.\u202fB. durch Schlafst\u00f6rungen, Ersch\u00f6pfung, Zyklusthemen, Stimmungsschwankungen, Gewichtszunahme oder innere Unruhe.<\/p>\n\n\n\n<p>Ein Speicheltest, den du bequem von zu Hause durchf\u00fchren kannst, kann Hinweise auf dein hormonelles Gleichgewicht geben.<br>Darauf aufbauend entwickeln wir gemeinsam einen individuellen, sanften Begleitweg \u2013 mit ganzheitlichen Impulsen wie:<\/p>\n\n\n\n<p>\u2022 Pflanzliche und naturheilkundliche Unterst\u00fctzung<br>\u2022 Hom\u00f6opathie, Sch\u00fc\u00dfler-Salze, Vitalstoffe<br>\u2022 Ern\u00e4hrung, Darmbalance, Entgiftungsimpulse<br>\u2022 Energetische Arbeit zur St\u00e4rkung deiner inneren Ausrichtung<\/p>\n\n\n\n<p>Auch in sensiblen Lebensphasen \u2013 wie bei Kinderwunsch oder hormonellen Umstellungen \u2013 kann eine ganzheitliche Begleitung hilfreich sein.<\/p>\n\n\n\n<p>Ich bin als Therapeutin bei der <a data-type=\"link\" data-id=\"https:\/\/hormonselbsthilfe.de\/fachkraftfinden\/\" href=\"https:\/\/hormonselbsthilfe.de\/fachkraftfinden\/\">Hormonselbsthilfe<\/a> gelistet.<br>Meine Arbeit ersetzt keine \u00e4rztliche Abkl\u00e4rung oder Therapie, kann diese aber unterst\u00fctzend erg\u00e4nzen.<\/p>\n\n\n\n<p>Ich begleite dich feinf\u00fchlig, ohne Druck \u2013 in deinem Tempo.<br>F\u00fcr mehr Stabilit\u00e4t, neue Klarheit und das gute Gef\u00fchl, wieder bei dir anzukommen.<br><\/p>\n\n\n\n<p><strong>Das Gleichgewicht der hormonellen Botenstoffe kann gest\u00f6rt werden durch:<\/strong><\/p>\n\n\n\n<ul class=\"wp-block-list\">\n<li>Hormonelle Verh\u00fctungsma\u00dfnahmen (Pille, Hormonspirale, Hormonpflaster)<\/li>\n\n\n\n<li>Hormonersatztherapie\/HET mit k\u00fcnstlichen Hormonen<\/li>\n\n\n\n<li>Mangelnde Versorgung mit Vitalstoffen \u00fcber die Nahrung<\/li>\n\n\n\n<li>Lebensmittel, Pflanzen mit hormon\u00e4hnlicher Wirkung (z.B. Soja, Phyto\u00f6strogene, Rotklee)<\/li>\n\n\n\n<li>Hormonanteile in Kosmetika<\/li>\n\n\n\n<li>Synthetische Substanzen mit hormon\u00e4hnlicher Wirkung (z.B. Weichmacher in Plastik)<\/li>\n\n\n\n<li>Umweltgifte<\/li>\n\n\n\n<li>Hormonelle Abbauprodukte von Medikamenten im Trinkwasser<\/li>\n\n\n\n<li>Reiz\u00fcberflutung<\/li>\n\n\n\n<li>Mangel an effektiven Erholungspausen<\/li>\n\n\n\n<li>Dauerstress<\/li>\n<\/ul>\n\n\n\n<h3 class=\"wp-block-heading\">und\/oder<\/h3>\n\n\n\n<ul class=\"wp-block-list\">\n<li>Schilddr\u00fcsenprobleme<\/li>\n\n\n\n<li>Bestrahlung Hormone produzierender Organe<\/li>\n\n\n\n<li>Entfernung der Eierst\u00f6cke, der Geb\u00e4rmutter<\/li>\n\n\n\n<li>Nachlassen der Hormonproduktion<\/li>\n\n\n\n<li>Schw\u00e4che der Nebennieren<\/li>\n<\/ul>\n\n\n\n<p>Bei Interesse schaue dir gerne meinen Vortrag an: Einfluss von Hormonen auf unseren Schlaf: <a href=\"https:\/\/www.twitch.tv\/videos\/1814850318\" target=\"_blank\" rel=\"noreferrer noopener\">https:\/\/www.twitch.tv\/videos\/1814850318<\/a>)<\/p>\n\n\n\n<p><\/p>\n\n\n\n<div class=\"wp-block-buttons is-horizontal is-content-justification-left is-layout-flex wp-container-core-buttons-is-layout-c39e78a4 wp-block-buttons-is-layout-flex\">\n<div class=\"wp-block-button is-style-outline is-style-outline--1\"><a class=\"wp-block-button__link has-white-background-color has-text-color has-background has-link-color has-small-font-size has-custom-font-size wp-element-button\" href=\"https:\/\/www.sabinefriess.de\/wordpress\/hormonberatung\/\" style=\"color:#e95a07\"><strong>Hormonberatung<\/strong><\/a><\/div>\n\n\n\n<div class=\"wp-block-button is-style-outline is-style-outline--2\"><a class=\"wp-block-button__link has-text-color has-link-color has-small-font-size has-custom-font-size wp-element-button\" href=\"https:\/\/www.sabinefriess.de\/wordpress\/kinderwunsch-therapie-in-hamburg-und-darmstadt-als-einzel-oder-paartherapie\/\" style=\"border-radius:100px;color:#e95a07\"><strong>Kinderwunsch<\/strong><\/a><\/div>\n\n\n\n<div class=\"wp-block-button is-style-outline is-style-outline--3\"><a class=\"wp-block-button__link has-text-color has-link-color has-small-font-size has-custom-font-size wp-element-button\" href=\"https:\/\/www.sabinefriess.de\/wordpress\/akupunktur-nach-nogier\/\" style=\"border-radius:100px;color:#e95a07\"><strong>Akkupunktur<\/strong><\/a><\/div>\n\n\n\n<div class=\"wp-block-button is-style-outline is-style-outline--4\"><a class=\"wp-block-button__link has-text-color has-link-color has-small-font-size has-custom-font-size wp-element-button\" href=\"https:\/\/www.sabinefriess.de\/wordpress\/homoeopathie-vom-heilpraktiker-in-hamburg-und-darmstadt\/\" style=\"border-radius:100px;color:#e95a07\"><strong>Hom\u00f6opathie<\/strong><\/a><\/div>\n\n\n\n<div class=\"wp-block-button is-style-outline is-style-outline--5\"><a class=\"wp-block-button__link has-text-color has-link-color has-small-font-size has-custom-font-size wp-element-button\" href=\"https:\/\/www.sabinefriess.de\/wordpress\/energiemedizin\/\" style=\"border-radius:100px;color:#e95a07\"><strong>Energiemedizin<\/strong><\/a><\/div>\n\n\n\n<div class=\"wp-block-button is-style-outline is-style-outline--6\"><a class=\"wp-block-button__link has-text-color has-link-color has-small-font-size has-custom-font-size wp-element-button\" href=\"https:\/\/www.sabinefriess.de\/wordpress\/fengshui\/\" style=\"border-radius:100px;color:#e95a07\"><strong>Feng Shui<\/strong><\/a><\/div>\n\n\n\n<div class=\"wp-block-button is-style-outline is-style-outline--7\"><a class=\"wp-block-button__link has-text-color has-link-color has-small-font-size has-custom-font-size wp-element-button\" href=\"https:\/\/www.sabinefriess.de\/wordpress\/lust-auf-farbe\/\" style=\"border-radius:100px;color:#e95a07\">Farbberatung<\/a><\/div>\n\n\n\n<div class=\"wp-block-button is-style-outline is-style-outline--8\"><a class=\"wp-block-button__link has-white-color has-text-color has-background has-link-color has-small-font-size has-custom-font-size wp-element-button\" href=\"https:\/\/www.sabinefriess.de\/wordpress\/2024\/04\/19\/veranstaltungen\/\" style=\"border-radius:100px;background-color:#e95a07\"><strong>Veranstaltungen<\/strong><\/a><\/div>\n<\/div>\n\n\n\n<p><\/p>\n\n\n\n<div class=\"wp-block-group alignfull has-background is-vertical is-content-justification-stretch is-layout-flex wp-container-core-group-is-layout-4995e7ae wp-block-group-is-layout-flex\" style=\"background-color:#00000008;padding-top:var(--wp--preset--spacing--50);padding-right:var(--wp--preset--spacing--40);padding-bottom:var(--wp--preset--spacing--50);padding-left:var(--wp--preset--spacing--40)\">\n<div class=\"wp-block-group has-background is-content-justification-center is-nowrap is-layout-flex wp-container-core-group-is-layout-94bc23d7 wp-block-group-is-layout-flex\" style=\"background-color:#e85907e3\">\n<div class=\"wp-block-columns wp-container-content-9cfa9a5a is-layout-flex wp-container-core-columns-is-layout-9d6595d7 wp-block-columns-is-layout-flex\">\n<div class=\"wp-block-column is-vertically-aligned-stretch is-layout-flow wp-block-column-is-layout-flow\">\n<div class=\"wp-block-group\"><div class=\"wp-block-group__inner-container is-layout-constrained wp-block-group-is-layout-constrained\">\n<p class=\"has-text-align-center has-white-color has-text-color has-link-color has-large-font-size wp-elements-7ed14d613eb5ffbb4b27cfa0e5af6be1\">Soul2Harmony <\/p>\n\n\n\n<p class=\"has-text-align-center has-white-color has-text-color has-link-color has-medium-font-size wp-elements-1296e99d91b92ff3c98fc6a7613cc084\" style=\"font-style:normal;font-weight:500\">Sabine Lilith Kroll \u2013 Heilpraktikerin &amp; Coach<\/p>\n\n\n\n<p class=\"has-text-align-center has-white-color has-text-color has-link-color wp-elements-6bd0f12d8a801ae538c29fc8d9f7ed4d\">Herz\u00f6ffnungszentrum, Heestweg 16 A | 22143 Hamburg<\/p>\n\n\n\n<p class=\"has-text-align-center has-white-color has-text-color has-link-color wp-elements-e4edfad9e633dddccf30118232602b32\">Am L\u00f6wentor 15 | 64287 Darmstadt<\/p>\n\n\n\n<p class=\"has-text-align-center has-white-color has-text-color has-link-color wp-elements-d046cc67d8ff6eebc6ae5d65ff1332cc\">Tel. 0171 &#8211; 875 62 95 | <a href=\"https:\/\/web.archive.org\/web\/20230929140400\/mailto:info@soul2harmony.de\">info@soul2harmony.de<\/a><\/p>\n<\/div><\/div>\n<\/div>\n<\/div>\n<\/div>\n<\/div>\n","protected":false},"excerpt":{"rendered":"<p>Hormonelle Balance \u2013 achtsam begleitet, ganzheitlich unterst\u00fctzt Unsere Hormone beeinflussen viele k\u00f6rperliche und seelische Prozesse \u2013 schon kleine Ver\u00e4nderungen im Gleichgewicht k\u00f6nnen sich sp\u00fcrbar bemerkbar machen:z.\u202fB. durch Schlafst\u00f6rungen, Ersch\u00f6pfung, Zyklusthemen, Stimmungsschwankungen, Gewichtszunahme oder innere Unruhe. Ein Speicheltest, den du bequem von zu Hause durchf\u00fchren kannst, kann Hinweise auf dein hormonelles Gleichgewicht geben.Darauf aufbauend entwickeln wir [&hellip;]<\/p>\n","protected":false},"author":1,"featured_media":0,"parent":0,"menu_order":0,"comment_status":"closed","ping_status":"closed","template":"","meta":{"slim_seo":{"description":"Nat\u00fcrliche Hormontherapie in Hamburg und Darmstadt","title":"Wenn dein inneres Gleichgewicht aus der Mitte ger\u00e4t - Soul2Harmony"},"footnotes":""},"class_list":["post-243","page","type-page","status-publish","hentry"],"_links":{"self":[{"href":"https:\/\/www.sabinefriess.de\/wordpress\/wp-json\/wp\/v2\/pages\/243","targetHints":{"allow":["GET"]}}],"collection":[{"href":"https:\/\/www.sabinefriess.de\/wordpress\/wp-json\/wp\/v2\/pages"}],"about":[{"href":"https:\/\/www.sabinefriess.de\/wordpress\/wp-json\/wp\/v2\/types\/page"}],"author":[{"embeddable":true,"href":"https:\/\/www.sabinefriess.de\/wordpress\/wp-json\/wp\/v2\/users\/1"}],"replies":[{"embeddable":true,"href":"https:\/\/www.sabinefriess.de\/wordpress\/wp-json\/wp\/v2\/comments?post=243"}],"version-history":[{"count":12,"href":"https:\/\/www.sabinefriess.de\/wordpress\/wp-json\/wp\/v2\/pages\/243\/revisions"}],"predecessor-version":[{"id":743,"href":"https:\/\/www.sabinefriess.de\/wordpress\/wp-json\/wp\/v2\/pages\/243\/revisions\/743"}],"wp:attachment":[{"href":"https:\/\/www.sabinefriess.de\/wordpress\/wp-json\/wp\/v2\/media?parent=243"}],"curies":[{"name":"wp","href":"https:\/\/api.w.org\/{rel}","templated":true}]}}