{"id":32,"date":"2024-04-15T20:21:51","date_gmt":"2024-04-15T18:21:51","guid":{"rendered":"https:\/\/www.sabinefriess.de\/wordpress\/?page_id=32"},"modified":"2025-08-29T11:59:00","modified_gmt":"2025-08-29T09:59:00","slug":"profil","status":"publish","type":"page","link":"https:\/\/www.sabinefriess.de\/wordpress\/profil\/","title":{"rendered":"\u00dcber mich"},"content":{"rendered":"\n<figure class=\"wp-block-image size-full is-resized is-style-rounded\"><img loading=\"lazy\" decoding=\"async\" width=\"200\" height=\"267\" src=\"https:\/\/www.sabinefriess.de\/wordpress\/wp-content\/uploads\/2025\/08\/20250810_164636-Kopie-scaled-e1755514506438.jpg\" alt=\"20250810 164636 kopie\" class=\"wp-image-727\" style=\"width:132px;height:auto\"\/><\/figure>\n\n\n\n<div class=\"wp-block-columns is-layout-flex wp-container-core-columns-is-layout-9d6595d7 wp-block-columns-is-layout-flex\">\n<div class=\"wp-block-column is-vertically-aligned-center is-layout-flow wp-block-column-is-layout-flow\" style=\"flex-basis:100%\">\n<h2 class=\"wp-block-heading\"><strong>Wenn deine Seele leise ruft \u2026<\/strong>                 <\/h2>\n\n\n\n<p>\u2026 ist es vielleicht Zeit, innezuhalten.<br>Zeit, dich zu erinnern, wer du wirklich bist.<br>Jenseits von Funktionieren. Jenseits von \u201em\u00fcssen\u201c.     <\/p>\n\n\n\n<p>Ich begleite dich \u2013 achtsam &amp; intuitiv \u2013<br>zur\u00fcck in deine Mitte.<br>Zur\u00fcck zu dir.<\/p>\n\n\n\n<p><strong>Soul2Harmony \u2013 dein Raum f\u00fcr R\u00fcckverbindung.<\/strong><\/p>\n\n\n\n<h2 class=\"wp-block-heading\"><strong>Wenn die Seele ruft \u2013 beginnt dein Weg zur\u00fcck zu dir<\/strong><\/h2>\n\n\n\n<p>Schon als Kind war meine Wahrnehmung fein. Ich sp\u00fcrte Stimmungen, Schwingungen, unausgesprochene Gef\u00fchle \u2013 und versank gern in die stille Sch\u00f6nheit der Natur. Oft f\u00fchlte ich mich \u201eanders\u201c, tief verbunden mit dem, was jenseits des Sichtbaren liegt. Doch mit der Zeit wurde dieses Sp\u00fcren \u00fcberlagert \u2013 von Erwartungen, Leistungsdruck, Funktionieren.<\/p>\n\n\n\n<p>Ich ging zun\u00e4chst einen bodenst\u00e4ndigen Weg: eine kaufm\u00e4nnische Ausbildung, sp\u00e4ter Abitur und ein Architekturstudium. Doch ein pers\u00f6nlicher Umbruch w\u00e4hrend des Studiums brachte mich erstmals in Kontakt mit naturheilkundlicher Unterst\u00fctzung \u2013 und damit zur\u00fcck zu mir selbst. Ein neuer Weg begann.<\/p>\n\n\n\n<p>Zun\u00e4chst war ich viele Jahre im internationalen Unternehmensumfeld t\u00e4tig, als F\u00fchrungskraft mit viel Verantwortung. Doch innerlich wuchs die Sehnsucht nach mehr: nach Sinn, Tiefe, Echtheit.<\/p>\n\n\n\n<p>2001 wagte ich den Schritt in die Selbstst\u00e4ndigkeit. Ich bildete mich intensiv weiter \u2013 in Feng Shui, Energiearbeit, Aura- und Chakra-Arbeit, spirituellen Heilweisen. Sp\u00e4ter absolvierte ich die Ausbildung zur Heilpraktikerin \u2013 und gr\u00fcndete meine Praxis <strong>Soul2Harmony<\/strong> als Raum f\u00fcr Entwicklung, Selbsterkenntnis und ganzheitliche Begleitung.<\/p>\n\n\n\n<p>Eine pers\u00f6nliche Krise f\u00fchrte mich noch tiefer zu mir selbst \u2013 zu innerer Klarheit, Dankbarkeit, Vertrauen. Diese Erfahrungen pr\u00e4gen meine heutige Arbeit.<\/p>\n\n\n\n<p>Heute begleite ich Menschen mit Einf\u00fchlungsverm\u00f6gen, Intuition und Erfahrung auf ihrem eigenen Weg \u2013 ob in Lebens\u00fcberg\u00e4ngen, zur St\u00e4rkung ihrer Selbstwahrnehmung oder zur Wiederentdeckung ihrer inneren Ressourcen.<\/p>\n\n\n\n<p>Ich bin \u00fcberzeugt: Jeder Mensch tr\u00e4gt das Potenzial in sich, wieder in sein Gleichgewicht zu finden \u2013 mit dem richtigen Raum, der richtigen Begleitung und im eigenen Tempo.<\/p>\n\n\n\n<p>Ich bin Sabine Lilith Kroll und ich freue mich sehr dich kennen zu lernen!<\/p>\n<\/div>\n<\/div>\n\n\n\n<div class=\"wp-block-group is-vertical is-layout-flex wp-container-core-group-is-layout-8cf370e7 wp-block-group-is-layout-flex\">\n<div class=\"wp-block-group is-vertical is-layout-flex wp-container-core-group-is-layout-8cf370e7 wp-block-group-is-layout-flex\">\n<h3 class=\"wp-block-heading\">Ausbildungen in alternativen Heilmethoden:<\/h3>\n\n\n\n<ul class=\"wp-block-list\">\n<li>2001-2003 Feng Shui-Ausbildung &#8211; Gerd Eggers<\/li>\n\n\n\n<li>2002-2003 Aura-Ausbildung \u2013 Gerd Eggers<\/li>\n\n\n\n<li>2006-2008 Bewusstseinsbildung, NLP-Techniken, Reinkarnationstherapie, Aufstellungsarbeit, Meditation, Teilpers\u00f6nlichkeits-Arbeit \u2013 A. Devi<\/li>\n\n\n\n<li>2007 Pranahealing \u2013 Sri Sai Choletti<\/li>\n\n\n\n<li>2005 und 2008 Ausbildung in Geistheilung und Energiearbeit \u2013 Aldo Berti<\/li>\n\n\n\n<li>2009\u20132012 Ausbildung zur Heilpraktikerin \u2013 Heilpraktikerschule Dr. Klaus Jung<\/li>\n\n\n\n<li>2009\u20132012 Ausbildungen in Klassischer Hom\u00f6opathie, Psycho-Kinesiologie, Kinesio-Taping, Ohrakupunktur, K\u00f6rperakupunktur, Sch\u00fc\u00dfler-Salze, Bachbl\u00fcten \u2013 Heilpraktikerschule Dr. Klaus Jung<\/li>\n\n\n\n<li>Nat\u00fcrliche Hormontherapien \u2013 Elisabeth Buchner<\/li>\n\n\n\n<li>Pflanzliche Urtinkturen Ceres, Phytotherapie<\/li>\n\n\n\n<li>und st\u00e4ndige Weiterbildungen <\/li>\n<\/ul>\n<\/div>\n\n\n\n<div class=\"wp-block-group is-vertical is-layout-flex wp-container-core-group-is-layout-8cf370e7 wp-block-group-is-layout-flex\">\n<h3 class=\"wp-block-heading\">Diverse Seminare zur pers\u00f6nlichen Weiterentwicklung bei:<\/h3>\n\n\n\n<ul class=\"wp-block-list\">\n<li>Psychology of Vision &#8211; Dr. Chuck und Lency Spezzano<\/li>\n\n\n\n<li>Serge Kahili King<\/li>\n\n\n\n<li>Dirk Jakob u. Eriko Kopp-Makinose<\/li>\n\n\n\n<li>Chris Criscom, Jeanne Ruland, Horst Krohne<\/li>\n\n\n\n<li>und und und \u2013<strong> leben hei\u00dft lernen<\/strong> !<\/li>\n<\/ul>\n<\/div>\n\n\n\n<h3 class=\"wp-block-heading\"><\/h3>\n\n\n\n<div class=\"wp-block-group is-nowrap is-layout-flex wp-container-core-group-is-layout-ad2f72ca wp-block-group-is-layout-flex\">\n<div style=\"height:50px\" aria-hidden=\"true\" class=\"wp-block-spacer wp-container-content-b30579f5\"><\/div>\n\n\n\n<hr class=\"wp-block-separator has-alpha-channel-opacity\"\/>\n<\/div>\n\n\n\n<div class=\"wp-block-columns is-layout-flex wp-container-core-columns-is-layout-9d6595d7 wp-block-columns-is-layout-flex\">\n<div class=\"wp-block-column is-layout-flow wp-block-column-is-layout-flow\" style=\"flex-basis:100%\">\n<div class=\"wp-block-buttons is-horizontal is-content-justification-left is-layout-flex wp-container-core-buttons-is-layout-c39e78a4 wp-block-buttons-is-layout-flex\">\n<div class=\"wp-block-button is-style-outline is-style-outline--1\"><a class=\"wp-block-button__link has-white-background-color has-text-color has-background has-link-color has-small-font-size has-custom-font-size wp-element-button\" href=\"https:\/\/www.sabinefriess.de\/wordpress\/hormonberatung\/\" style=\"border-radius:100px;color:#e95a07\"><strong>Hormonbe<\/strong>ratung<\/a><\/div>\n\n\n\n<div class=\"wp-block-button is-style-outline is-style-outline--2\"><a class=\"wp-block-button__link has-text-color has-link-color has-small-font-size has-custom-font-size wp-element-button\" style=\"border-radius:100px;color:#e95a07\">Coaching<\/a><\/div>\n\n\n\n<div class=\"wp-block-button is-style-outline is-style-outline--3\"><a class=\"wp-block-button__link has-text-color has-link-color has-small-font-size has-custom-font-size wp-element-button\" href=\"https:\/\/www.sabinefriess.de\/wordpress\/kinderwunsch-therapie-in-hamburg-und-darmstadt-als-einzel-oder-paartherapie\/\" style=\"border-radius:100px;color:#e95a07\"><strong>Kinderwunsch<\/strong><\/a><\/div>\n\n\n\n<div class=\"wp-block-button is-style-outline is-style-outline--4\"><a class=\"wp-block-button__link has-text-color has-link-color has-small-font-size has-custom-font-size wp-element-button\" href=\"https:\/\/www.sabinefriess.de\/wordpress\/akupunktur-nach-nogier\/\" style=\"border-radius:100px;color:#e95a07\"><strong>Akupunktur<\/strong><\/a><\/div>\n\n\n\n<div class=\"wp-block-button is-style-outline is-style-outline--5\"><a class=\"wp-block-button__link has-text-color has-link-color has-small-font-size has-custom-font-size wp-element-button\" href=\"https:\/\/www.sabinefriess.de\/wordpress\/homoeopathie-vom-heilpraktiker-in-hamburg-und-darmstadt\/\" style=\"border-radius:100px;color:#e95a07\"><strong>Hom\u00f6opathie<\/strong><\/a><\/div>\n\n\n\n<div class=\"wp-block-button is-style-outline is-style-outline--6\"><a class=\"wp-block-button__link has-text-color has-link-color has-small-font-size has-custom-font-size wp-element-button\" href=\"https:\/\/www.sabinefriess.de\/wordpress\/energiemedizin\/\" style=\"border-radius:100px;color:#e95a07\"><strong>Energiemedizin<\/strong><\/a><\/div>\n\n\n\n<div class=\"wp-block-button is-style-outline is-style-outline--7\"><a class=\"wp-block-button__link has-text-color has-link-color has-small-font-size has-custom-font-size wp-element-button\" href=\"https:\/\/www.sabinefriess.de\/wordpress\/fengshui\/\" style=\"border-radius:100px;color:#e95a07\"><strong>Feng Shui<\/strong><\/a><\/div>\n\n\n\n<div class=\"wp-block-button is-style-outline is-style-outline--8\"><a class=\"wp-block-button__link has-text-color has-link-color has-small-font-size has-custom-font-size wp-element-button\" href=\"https:\/\/www.sabinefriess.de\/wordpress\/lust-auf-farbe\/\" style=\"border-radius:100px;color:#e95a07\">Farbberatung<\/a><\/div>\n\n\n\n<div class=\"wp-block-button is-style-outline is-style-outline--9\"><a class=\"wp-block-button__link has-white-color has-text-color has-background has-link-color has-small-font-size has-custom-font-size wp-element-button\" href=\"https:\/\/www.sabinefriess.de\/wordpress\/2024\/04\/19\/veranstaltungen\/\" style=\"border-radius:100px;background-color:#e95a07\"><strong>Veranstaltungen<\/strong><\/a><\/div>\n<\/div>\n\n\n\n<p><\/p>\n\n\n\n<div class=\"wp-block-group alignfull has-background is-vertical is-content-justification-stretch is-layout-flex wp-container-core-group-is-layout-4995e7ae wp-block-group-is-layout-flex\" style=\"background-color:#00000008;padding-top:var(--wp--preset--spacing--50);padding-right:var(--wp--preset--spacing--40);padding-bottom:var(--wp--preset--spacing--50);padding-left:var(--wp--preset--spacing--40)\">\n<div class=\"wp-block-group has-background is-content-justification-center is-nowrap is-layout-flex wp-container-core-group-is-layout-94bc23d7 wp-block-group-is-layout-flex\" style=\"background-color:#e85907e3\">\n<div class=\"wp-block-columns wp-container-content-9cfa9a5a is-layout-flex wp-container-core-columns-is-layout-9d6595d7 wp-block-columns-is-layout-flex\">\n<div class=\"wp-block-column is-vertically-aligned-stretch is-layout-flow wp-block-column-is-layout-flow\">\n<div class=\"wp-block-group\"><div class=\"wp-block-group__inner-container is-layout-constrained wp-block-group-is-layout-constrained\">\n<p class=\"has-text-align-center has-white-color has-text-color has-link-color has-large-font-size wp-elements-7ed14d613eb5ffbb4b27cfa0e5af6be1\">Soul2Harmony <\/p>\n\n\n\n<p class=\"has-text-align-center has-white-color has-text-color has-link-color has-medium-font-size wp-elements-1296e99d91b92ff3c98fc6a7613cc084\" style=\"font-style:normal;font-weight:500\">Sabine Lilith Kroll \u2013 Heilpraktikerin &amp; Coach<\/p>\n\n\n\n<p class=\"has-text-align-center has-white-color has-text-color has-link-color wp-elements-35c0711da2b4501c98df8ed355d6ec94\">Herz\u00f6ffnungszentrum, Heestweg 16 A | 22143 Hamburg <\/p>\n\n\n\n<p class=\"has-text-align-center has-white-color has-text-color has-link-color wp-elements-6cfae615d3ba1c9892e1a0041705ca5b\">Am L\u00f6wentor 15 | 64287 Darmstadt <\/p>\n\n\n\n<p class=\"has-text-align-center has-white-color has-text-color has-link-color wp-elements-2fa4d156a1a35b5caa4f1d53ce432e68\">Tel. 0171 &#8211; 875 62 95 | <a href=\"mailto:info@soul2harmony.de\">sabine.kroll@email.de<\/a><\/p>\n<\/div><\/div>\n<\/div>\n<\/div>\n<\/div>\n<\/div>\n<\/div>\n<\/div>\n<\/div>\n","protected":false},"excerpt":{"rendered":"<p>Wenn deine Seele leise ruft \u2026 \u2026 ist es vielleicht Zeit, innezuhalten.Zeit, dich zu erinnern, wer du wirklich bist.Jenseits von Funktionieren. Jenseits von \u201em\u00fcssen\u201c. Ich begleite dich \u2013 achtsam &amp; intuitiv \u2013zur\u00fcck in deine Mitte.Zur\u00fcck zu dir. Soul2Harmony \u2013 dein Raum f\u00fcr R\u00fcckverbindung. Wenn die Seele ruft \u2013 beginnt dein Weg zur\u00fcck zu dir Schon [&hellip;]<\/p>\n","protected":false},"author":1,"featured_media":0,"parent":0,"menu_order":0,"comment_status":"closed","ping_status":"closed","template":"","meta":{"slim_seo":{"title":"\u00dcber mich","description":"Bin ich eine Architektin, die sp\u00e4ter Heilpraktikerin wurde \u2013 oder eine Heilpraktikerin, die zuerst Architektin war?"},"footnotes":""},"class_list":["post-32","page","type-page","status-publish","hentry"],"_links":{"self":[{"href":"https:\/\/www.sabinefriess.de\/wordpress\/wp-json\/wp\/v2\/pages\/32","targetHints":{"allow":["GET"]}}],"collection":[{"href":"https:\/\/www.sabinefriess.de\/wordpress\/wp-json\/wp\/v2\/pages"}],"about":[{"href":"https:\/\/www.sabinefriess.de\/wordpress\/wp-json\/wp\/v2\/types\/page"}],"author":[{"embeddable":true,"href":"https:\/\/www.sabinefriess.de\/wordpress\/wp-json\/wp\/v2\/users\/1"}],"replies":[{"embeddable":true,"href":"https:\/\/www.sabinefriess.de\/wordpress\/wp-json\/wp\/v2\/comments?post=32"}],"version-history":[{"count":52,"href":"https:\/\/www.sabinefriess.de\/wordpress\/wp-json\/wp\/v2\/pages\/32\/revisions"}],"predecessor-version":[{"id":797,"href":"https:\/\/www.sabinefriess.de\/wordpress\/wp-json\/wp\/v2\/pages\/32\/revisions\/797"}],"wp:attachment":[{"href":"https:\/\/www.sabinefriess.de\/wordpress\/wp-json\/wp\/v2\/media?parent=32"}],"curies":[{"name":"wp","href":"https:\/\/api.w.org\/{rel}","templated":true}]}}

Über mich

<figure class="wp-block-image size-full is-resized is-style-rounded"><img loading="lazy" decoding="async" width="200" height="267" src="https://www.sabinefriess.de/wordpress/wp-content/uploads/2025/08/20250810_164636-Kopie-scaled-e1755514506438.jpg" alt="20250810 164636 kopie" class="wp-image-727" style="width:132px;height:auto"/></figure>



<div class="wp-block-columns is-layout-flex wp-container-core-columns-is-layout-9d6595d7 wp-block-columns-is-layout-flex">
<div class="wp-block-column is-vertically-aligned-center is-layout-flow wp-block-column-is-layout-flow" style="flex-basis:100%">
<h2 class="wp-block-heading"><strong>Wenn deine Seele leise ruft …</strong>                 </h2>



<p>… ist es vielleicht Zeit, innezuhalten.<br>Zeit, dich zu erinnern, wer du wirklich bist.<br>Jenseits von Funktionieren. Jenseits von „müssen“.     </p>



<p>Ich begleite dich – achtsam &amp; intuitiv –<br>zurück in deine Mitte.<br>Zurück zu dir.</p>



<p><strong>Soul2Harmony – dein Raum für Rückverbindung.</strong></p>



<h2 class="wp-block-heading"><strong>Wenn die Seele ruft – beginnt dein Weg zurück zu dir</strong></h2>



<p>Schon als Kind war meine Wahrnehmung fein. Ich spürte Stimmungen, Schwingungen, unausgesprochene Gefühle – und versank gern in die stille Schönheit der Natur. Oft fühlte ich mich „anders“, tief verbunden mit dem, was jenseits des Sichtbaren liegt. Doch mit der Zeit wurde dieses Spüren überlagert – von Erwartungen, Leistungsdruck, Funktionieren.</p>



<p>Ich ging zunächst einen bodenständigen Weg: eine kaufmännische Ausbildung, später Abitur und ein Architekturstudium. Doch ein persönlicher Umbruch während des Studiums brachte mich erstmals in Kontakt mit naturheilkundlicher Unterstützung – und damit zurück zu mir selbst. Ein neuer Weg begann.</p>



<p>Zunächst war ich viele Jahre im internationalen Unternehmensumfeld tätig, als Führungskraft mit viel Verantwortung. Doch innerlich wuchs die Sehnsucht nach mehr: nach Sinn, Tiefe, Echtheit.</p>



<p>2001 wagte ich den Schritt in die Selbstständigkeit. Ich bildete mich intensiv weiter – in Feng Shui, Energiearbeit, Aura- und Chakra-Arbeit, spirituellen Heilweisen. Später absolvierte ich die Ausbildung zur Heilpraktikerin – und gründete meine Praxis <strong>Soul2Harmony</strong> als Raum für Entwicklung, Selbsterkenntnis und ganzheitliche Begleitung.</p>



<p>Eine persönliche Krise führte mich noch tiefer zu mir selbst – zu innerer Klarheit, Dankbarkeit, Vertrauen. Diese Erfahrungen prägen meine heutige Arbeit.</p>



<p>Heute begleite ich Menschen mit Einfühlungsvermögen, Intuition und Erfahrung auf ihrem eigenen Weg – ob in Lebensübergängen, zur Stärkung ihrer Selbstwahrnehmung oder zur Wiederentdeckung ihrer inneren Ressourcen.</p>



<p>Ich bin überzeugt: Jeder Mensch trägt das Potenzial in sich, wieder in sein Gleichgewicht zu finden – mit dem richtigen Raum, der richtigen Begleitung und im eigenen Tempo.</p>



<p>Ich bin Sabine Lilith Kroll und ich freue mich sehr dich kennen zu lernen!</p>
</div>
</div>



<div class="wp-block-group is-vertical is-layout-flex wp-container-core-group-is-layout-8cf370e7 wp-block-group-is-layout-flex">
<div class="wp-block-group is-vertical is-layout-flex wp-container-core-group-is-layout-8cf370e7 wp-block-group-is-layout-flex">
<h3 class="wp-block-heading">Ausbildungen in alternativen Heilmethoden:</h3>



<ul class="wp-block-list">
<li>2001-2003 Feng Shui-Ausbildung &#8211; Gerd Eggers</li>



<li>2002-2003 Aura-Ausbildung – Gerd Eggers</li>



<li>2006-2008 Bewusstseinsbildung, NLP-Techniken, Reinkarnationstherapie, Aufstellungsarbeit, Meditation, Teilpersönlichkeits-Arbeit – A. Devi</li>



<li>2007 Pranahealing – Sri Sai Choletti</li>



<li>2005 und 2008 Ausbildung in Geistheilung und Energiearbeit – Aldo Berti</li>



<li>2009–2012 Ausbildung zur Heilpraktikerin – Heilpraktikerschule Dr. Klaus Jung</li>



<li>2009–2012 Ausbildungen in Klassischer Homöopathie, Psycho-Kinesiologie, Kinesio-Taping, Ohrakupunktur, Körperakupunktur, Schüßler-Salze, Bachblüten – Heilpraktikerschule Dr. Klaus Jung</li>



<li>Natürliche Hormontherapien – Elisabeth Buchner</li>



<li>Pflanzliche Urtinkturen Ceres, Phytotherapie</li>



<li>und ständige Weiterbildungen </li>
</ul>
</div>



<div class="wp-block-group is-vertical is-layout-flex wp-container-core-group-is-layout-8cf370e7 wp-block-group-is-layout-flex">
<h3 class="wp-block-heading">Diverse Seminare zur persönlichen Weiterentwicklung bei:</h3>



<ul class="wp-block-list">
<li>Psychology of Vision &#8211; Dr. Chuck und Lency Spezzano</li>



<li>Serge Kahili King</li>



<li>Dirk Jakob u. Eriko Kopp-Makinose</li>



<li>Chris Criscom, Jeanne Ruland, Horst Krohne</li>



<li>und und und –<strong> leben heißt lernen</strong> !</li>
</ul>
</div>



<h3 class="wp-block-heading"></h3>



<div class="wp-block-group is-nowrap is-layout-flex wp-container-core-group-is-layout-ad2f72ca wp-block-group-is-layout-flex">
<div style="height:50px" aria-hidden="true" class="wp-block-spacer wp-container-content-b30579f5"></div>



<hr class="wp-block-separator has-alpha-channel-opacity"/>
</div>



<div class="wp-block-columns is-layout-flex wp-container-core-columns-is-layout-9d6595d7 wp-block-columns-is-layout-flex">
<div class="wp-block-column is-layout-flow wp-block-column-is-layout-flow" style="flex-basis:100%">
<div class="wp-block-buttons is-horizontal is-content-justification-left is-layout-flex wp-container-core-buttons-is-layout-c39e78a4 wp-block-buttons-is-layout-flex">
<div class="wp-block-button is-style-outline is-style-outline--1"><a class="wp-block-button__link has-white-background-color has-text-color has-background has-link-color has-small-font-size has-custom-font-size wp-element-button" href="https://www.sabinefriess.de/wordpress/hormonberatung/" style="border-radius:100px;color:#e95a07"><strong>Hormonbe</strong>ratung</a></div>



<div class="wp-block-button is-style-outline is-style-outline--2"><a class="wp-block-button__link has-text-color has-link-color has-small-font-size has-custom-font-size wp-element-button" style="border-radius:100px;color:#e95a07">Coaching</a></div>



<div class="wp-block-button is-style-outline is-style-outline--3"><a class="wp-block-button__link has-text-color has-link-color has-small-font-size has-custom-font-size wp-element-button" href="https://www.sabinefriess.de/wordpress/kinderwunsch-therapie-in-hamburg-und-darmstadt-als-einzel-oder-paartherapie/" style="border-radius:100px;color:#e95a07"><strong>Kinderwunsch</strong></a></div>



<div class="wp-block-button is-style-outline is-style-outline--4"><a class="wp-block-button__link has-text-color has-link-color has-small-font-size has-custom-font-size wp-element-button" href="https://www.sabinefriess.de/wordpress/akupunktur-nach-nogier/" style="border-radius:100px;color:#e95a07"><strong>Akupunktur</strong></a></div>



<div class="wp-block-button is-style-outline is-style-outline--5"><a class="wp-block-button__link has-text-color has-link-color has-small-font-size has-custom-font-size wp-element-button" href="https://www.sabinefriess.de/wordpress/homoeopathie-vom-heilpraktiker-in-hamburg-und-darmstadt/" style="border-radius:100px;color:#e95a07"><strong>Homöopathie</strong></a></div>



<div class="wp-block-button is-style-outline is-style-outline--6"><a class="wp-block-button__link has-text-color has-link-color has-small-font-size has-custom-font-size wp-element-button" href="https://www.sabinefriess.de/wordpress/energiemedizin/" style="border-radius:100px;color:#e95a07"><strong>Energiemedizin</strong></a></div>



<div class="wp-block-button is-style-outline is-style-outline--7"><a class="wp-block-button__link has-text-color has-link-color has-small-font-size has-custom-font-size wp-element-button" href="https://www.sabinefriess.de/wordpress/fengshui/" style="border-radius:100px;color:#e95a07"><strong>Feng Shui</strong></a></div>



<div class="wp-block-button is-style-outline is-style-outline--8"><a class="wp-block-button__link has-text-color has-link-color has-small-font-size has-custom-font-size wp-element-button" href="https://www.sabinefriess.de/wordpress/lust-auf-farbe/" style="border-radius:100px;color:#e95a07">Farbberatung</a></div>



<div class="wp-block-button is-style-outline is-style-outline--9"><a class="wp-block-button__link has-white-color has-text-color has-background has-link-color has-small-font-size has-custom-font-size wp-element-button" href="https://www.sabinefriess.de/wordpress/2024/04/19/veranstaltungen/" style="border-radius:100px;background-color:#e95a07"><strong>Veranstaltungen</strong></a></div>
</div>



<p></p>



<div class="wp-block-group alignfull has-background is-vertical is-content-justification-stretch is-layout-flex wp-container-core-group-is-layout-4995e7ae wp-block-group-is-layout-flex" style="background-color:#00000008;padding-top:var(--wp--preset--spacing--50);padding-right:var(--wp--preset--spacing--40);padding-bottom:var(--wp--preset--spacing--50);padding-left:var(--wp--preset--spacing--40)">
<div class="wp-block-group has-background is-content-justification-center is-nowrap is-layout-flex wp-container-core-group-is-layout-94bc23d7 wp-block-group-is-layout-flex" style="background-color:#e85907e3">
<div class="wp-block-columns wp-container-content-9cfa9a5a is-layout-flex wp-container-core-columns-is-layout-9d6595d7 wp-block-columns-is-layout-flex">
<div class="wp-block-column is-vertically-aligned-stretch is-layout-flow wp-block-column-is-layout-flow">
<div class="wp-block-group"><div class="wp-block-group__inner-container is-layout-constrained wp-block-group-is-layout-constrained">
<p class="has-text-align-center has-white-color has-text-color has-link-color has-large-font-size wp-elements-7ed14d613eb5ffbb4b27cfa0e5af6be1">Soul2Harmony </p>



<p class="has-text-align-center has-white-color has-text-color has-link-color has-medium-font-size wp-elements-1296e99d91b92ff3c98fc6a7613cc084" style="font-style:normal;font-weight:500">Sabine Lilith Kroll – Heilpraktikerin &amp; Coach</p>



<p class="has-text-align-center has-white-color has-text-color has-link-color wp-elements-35c0711da2b4501c98df8ed355d6ec94">Herzöffnungszentrum, Heestweg 16 A | 22143 Hamburg </p>



<p class="has-text-align-center has-white-color has-text-color has-link-color wp-elements-6cfae615d3ba1c9892e1a0041705ca5b">Am Löwentor 15 | 64287 Darmstadt </p>



<p class="has-text-align-center has-white-color has-text-color has-link-color wp-elements-2fa4d156a1a35b5caa4f1d53ce432e68">Tel. 0171 &#8211; 875 62 95 | <a href="mailto:info@soul2harmony.de">sabine.kroll@email.de</a></p>
</div></div>
</div>
</div>
</div>
</div>
</div>
</div>
</div>

<p>Wenn deine Seele leise ruft … … ist es vielleicht Zeit, innezuhalten.Zeit, dich zu erinnern, wer du wirklich bist.Jenseits von Funktionieren. Jenseits von „müssen“. Ich begleite dich – achtsam &amp; intuitiv –zurück in deine Mitte.Zurück zu dir. Soul2Harmony – dein Raum für Rückverbindung. Wenn die Seele ruft – beginnt dein Weg zurück zu dir Schon [&hellip;]</p>

Bin ich eine Architektin, die später Heilpraktikerin wurde – oder eine Heilpraktikerin, die zuerst Architektin war?
